*t - 9248. Give v(27).
-41
Let p(b) = -792*b - 5545. Determine p(-7).
-1
Let c(v) = -3513*v - 38648. Calculate c(-11).
-5
Let n(w) = 6*w**2 - 166*w + 786. Give n(22).
38
Let d(g) = 488*g + 15134. What is d(-31)?
6
Let m(a) = a**3 - 18*a**2 - 40*a + 1176. What is m(16)?
24
Let z(d) = -d**2 + 39*d + 484. Determine z(-10).
-6
Let p(a) = 4*a + 228. Calculate p(-54).
12
Let b(h) = -8*h**2 + 153*h + 5. What is b(19)?
24
Let o(r) = 162*r - 1060. Determine o(6).
-88
Let r(g) = -49*g - 362. What is r(-8)?
30
Let x(o) = -30*o + 18. Calculate x(1).
-12
Let d(i) = 2*i**2 - 3*i - 95. Calculate d(-6).
-5
Let t(l) = -l**3 - 18*l**2 - 32*l + 487. What is t(-12)?
7
Let r(f) = f**2 - 22*f - 374. Calculate r(-12).
34
Let r(n) = -4*n**2 + 148*n - 81. Determine r(36).
63
Let t(u) = -u**2 - 26*u - 40. Determine t(-9).
113
Let p(d) = -178*d + 550. Determine p(3).
16
Let v(f) = 5*f**2 - 9*f - 534. Determine v(14).
320
Let c(g) = g**3 + 73*g**2 + 256*g - 1441. Determine c(-69).
-61
Let z(s) = 424*s - 4247. Calculate z(10).
-7
Let s(v) = 2*v**2 - 80*v - 1371. Calculate s(53).
7
Let a(x) = -x**3 - 42*x**2 - 317*x + 10. Give a(-32).
-86
Let l(a) = a**2 + 3*a + 31. Calculate l(-5).
41
Let n(q) = -1307*q + 10458. Give n(8).
2
Let p(q) = q**2 + 46*q + 111. Determine p(-37).
-222
Let v(j) = -2*j**3 - 8*j**2 - 13*j - 23. Determine v(-3).
-2
Let h(x) = -23*x**2 + 7*x + 8. Calculate h(-3).
-220
Let v(b) = -b**3 - 12*b**2 - 19*b - 39. Calculate v(-8).
-143
Let c(j) = j**3 - 9*j**2 - 11*j + 5. Give c(8).
-147
Let h(d) = 80*d - 2295. What is h(29)?
25
Let d(m) = 13*m**2 + 475*m + 95. Determine d(-37).
317
Let w(m) = -20*m + 106. Determine w(-27).
646
Let s(n) = -4*n**2 + 219*n - 1478. Give s(7).
-141
Let q(o) = 52*o**3 + o**2 - 86*o + 176. Determine q(2).
424
Let s(v) = 55*v + 9330. Calculate s(-170).
-20
Let i(y) = -y**3 + 9*y**2 - 6*y + 34. Calculate i(9).
-20
Let c(a) = -a**3 + 23*a**2 - 29*a + 136. Give c(22).
-18
Let m(h) = 2*h**3 - 138*h**2 + 5*h - 327. Give m(69).
18
Let j(u) = 8*u**2 + 130*u + 160. What is j(-15)?
10
Let p(j) = 12*j**3 - 71*j**2 - 138*j + 764. Give p(6).
-28
Let z(t) = -t**3 - 16*t**2 + 17*t - 71. What is z(-17)?
-71
Let a(f) = 2*f**2 - 1720*f + 5141. Give a(3).
-1
Let f(g) = 29*g - 939. Calculate f(33).
18
Let w(p) = -3*p**2 + 66*p - 769. What is w(10)?
-409
Let j(u) = -571*u - 22277. Give j(-39).
-8
Let h(u) = -1142*u + 18. Determine h(0).
18
Let n(s) = -241*s - 3134. Determine n(-13).
-1
Let l(n) = n**3 - 6*n**2 - 30*n + 22. Give l(9).
-5
Let c(o) = -o**2 - 24*o - 24. What is c(-10)?
116
Let b(g) = g**3 - 69*g**2 + 238*g + 1418. Determine b(65).
-12
Let l(d) = -9641*d + 19301. Calculate l(2).
19
Let r(h) = -36*h + 278. What is r(7)?
26
Let a(g) = -177*g - 668. Give a(-4).
40
Let g(m) = -3*m**3 - 14*m**2 + 41*m + 202. What is g(-4)?
6
Let z(g) = -439*g**2 - 4829*g + 6. What is z(-11)?
6
Let g(h) = 4*h**3 - 9*h**2 - 27*h + 96. Calculate g(4).
100
Let m(q) = -63*q + 1667. Determine m(27).
-34
Let u(p) = -1632*p + 6519. What is u(4)?
-9
Let v(a) = 157*a + 35023. What is v(-223)?
12
Let y(u) = 8*u + 277. Give y(-38).
-27
Let h(b) = 233*b + 11655. Determine h(-50).
5
Let y(m) = 8774*m - 35093. Give y(4).
3
Let b(f) = -9647*f + 19297. Determine b(2).
3
Let p(m) = m**3 + 154*m**2 - 151*m + 621. Determine p(-155).
1
Let a(h) = -h**3 - 13*h**2 + 115*h - 52. Calculate a(-19).
-71
Let g(y) = 10*y**2 - 34*y - 243. What is g(-7)?
485
Let j(o) = 14*o - 175. Determine j(7).
-77
Let i(a) = 2*a**3 + 33*a**2 + 13*a + 502. What is i(-17)?
-8
Let c(y) = -17*y**2 - 46*y + 84. Give c(3).
-207
Let q(f) = 9*f + 191. Give q(-30).
-79
Let p(h) = -8*h**2 - 107*h - 42. Calculate p(-16).
-378
Let i(n) = 18*n + 25. Calculate i(4).
97
Let g(b) = -3*b**2 + 184*b - 292. Calculate g(60).
-52
Let k(j) = -11*j**2 + 88*j - 13. Calculate k(8).
-13
Let p(t) = 44*t + 1288. Calculate p(-29).
12
Let m(z) = -z**3 + 3*z**2 + 95*z - 95. Determine m(11).
-18
Let s(w) = 2*w**3 - 27*w**2 + 98*w + 9. What is s(4)?
97
Let f(s) = -4*s**2 + 26*s + 98. Give f(-5).
-132
Let m(p) = -3*p**2 + 630*p - 6584. Determine m(199).
-17
Let x(s) = -8*s**2 + 27*s - 104. Calculate x(6).
-230
Let s(p) = 3*p**3 - 28*p**2 + 50*p + 13. Calculate s(7).
20
Let z(j) = -j**3 + 18*j**2 + 82*j + 31. Determine z(22).
-101
Let w(j) = 486*j - 19445. Give w(40).
-5
Let i(t) = -6558*t + 26229. Determine i(4).
-3
Let w(p) = 3*p**3 - 23*p**2 - 19*p + 11. Give w(7).
-220
Let w(k) = k**3 + 29*k**2 + 71*k - 48. What is w(-26)?
134
Let h(t) = -t**3 - 11*t**2 - 2*t - 16. Give h(-11).
6
Let x(r) = -2*r**3 + 19*r**2 - 84*r + 481. What is x(8)?
1
Let q(r) = -55*r**2 + 29*r - 6. Determine q(2).
-168
Let q(j) = j**3 - 17*j**2 + 8*j + 26. Give q(15).
-304
Let j(w) = 233*w - 1023. Calculate j(4).
-91
Let y(w) = -28*w - 1034. Give y(-40).
86
Let t(b) = -34*b + 225. Determine t(6).
21
Let j(u) = -12*u**2 + 65*u + 127. What is j(6)?
85
Let c(y) = -994*y + 3970. What is c(4)?
-6
Let o(h) = 17*h + 318. Determine o(-21).
-39
Let j(g) = -4*g**3 + 1089*g**2 - 279*g + 1901. Give j(272).
-3
Let n(j) = -927*j + 6480. Determine n(7).
-9
Let i(x) = -x**3 + 14*x**2 - 56*x - 2. Determine i(0).
-2
Let f(o) = o**2 - 3*o - 129. Calculate f(9).
-75
Let a(l) = -l**3 - 7*l**2 + 8*l + 21. Calculate a(-6).
-63
Let f(x) = 3040*x - 36486. Calculate f(12).
-6
Let t(d) = d**3 + d**2 - 60. Determine t(0).
-60
Let f(y) = -261*y + 1573. Give f(6).
7
Let j(v) = -18*v + 1178. What is j(68)?
-46
Let k(i) = i**3 - 16*i**2 + 38*i - 293. Calculate k(15).
52
Let i(c) = c - 7. Determine i(-3).
-10
Let i(n) = -154*n + 3659. What is i(19)?
733
Let p(t) = -161*t + 28824. What is p(179)?
5
Let k(t) = t**2 - 25*t. Determine k(14).
-154
Let z(c) = 2*c**3 - 148*c**2 - 146*c + 134. Give z(75).
434
Let y(s) = -107*s + 9315. Give y(87).
6
Let h(w) = -w**3 - 1138*w + 5809. What is h(5)?
-6
Let j(u) = u**3 - 5*u**2 + 194*u + 425. What is j(-2)?
9
Let j(u) = u**3 + 7*u**2 - 18*u - 19. Give j(-9).
-19
Let y(z) = z**2 + z + 108. Determine y(0).
108
Let d(f) = -f**3 - 30*f**2 - 64*f - 60. Give d(-28).
164
Let d(t) = t**3 - t**2 - 53*t + 17. Determine d(8).
41
Let p(j) = 509*j - 8657. Determine p(17).
-4
Let c(i) = -16*i**2 - 83*i - 5. Calculate c(-5).
10
Let r(k) = -k**3 - 8*k**2 + 27*k + 61. What is r(-10)?
-9
Let w(g) = g**3 + 20*g**2 - 30*g - 1023. What is w(-19)?
-92
Let z(u) = 97*u**3 + u**2 + 42*u - 43. Give z(1).
97
Let b(o) = -7*o**2 + 355*o - 2624. Calculate b(9).
4
Let v(a) = 2*a**3 + 4*a**2 - 1022*a - 2048. Calculate v(-2).
-4
Let u(k) = -6*k**3 + 89*k**2 + 133*k - 1762. Calculate u(15).
8
Let w(h) = 3204*h - 99314. What is w(31)?
10
Let i(z) = 98*z + 362. Calculate i(-5).
-128
Let n(q) = -q**3 - 8*q**2 + 7*q + 56. What is n(-6)?
-58
Let l(x) = 7*x - 123. What is l(10)?
-53
Let b(t) = -2*t**3 - 206*t**2 - 204*t - 5. Calculate b(-102).
-5
Let v(t) = -t**3 - 11*t**2 - 3*t + 96. Calculate v(-10).
26
Let l(s) = -300*s + 9868. Determine l(33).
-32
Let z(p) = 5*p**3 - 58*p**2 + 33*p - 28. Determine z(11).
-28
Let r(w) = -9*w**2 - 297*w - 55. What is r(-33)?
-55
Let q(l) = l - 18. Determine q(3).
-15
Let c(y) = y**3 - 8*y**2 + 14*y - 123. Calculate c(8).
-11
Let f(c) = -88*c - 8962. Determine f(-102).
14
Let t(k) = -k**3 - 69*k**2 - 1193*k - 172. Give t(-33).
-7
Let c(v) = -v**3 - 26*v**2 + 37*v - 444. Give c(-28).
88
Let s(q) = -q**3 - 41*q**2 + 50*q + 475. Give s(-42).
139
Let b(n) = n**2 - 24*n - 902. Give b(-20).
-22
Let t(m) = m**2 + 51*m - 2100. Calculate t(27).
6
Let p(g) = -100*g - 522. What is p(-11)?
578
Let n(q) = -q**2 + q - 12. Determine n(-7).
-68
Let f(c) = -c**3 - 2*c**2 - 11*c - 40. Determine f(-6).
170
Let u(z) = 188*z**2 - 9213*z + 72. Determine u(49).
23
Let n(g) = -3*g**3 - 89*g**2 - 53*g + 126. Give n(-29).
-19
Let u(w) = w**2 - 147*w - 9797. Determine u(-50).
53
Let r(s) = -10*s**2 + 222*s - 21. Determine r(22).
23
Let n(q) = 44*q - 3462. Calculate n(80).
58
Let c(x) = 2*x**2 - 10*x - 230. Calculate c(-9).
22
Let v(g) = -g**3 - 17*g**2 - 25*g - 140. Determine v(-16).
4
Let b(r) = -6*r**2 - 9*r + 33. Calculate b(3).
-48
Let q(z) = -z**3 - 20*z**2 + 25*z - 426. Determine q(-22).
-8
Let i(o) = 14*o**2 + 187*o + 17. What is i(-14)?
143
Let j(y) = -494*y - 130415. What is j(-264)?
1
Let a(k) = 522*k - 3646. Determine a(7).
8
Let y(o) = -27*o**2 + 4*o - 5. What is y(2)?
-105
